 u(l) = -7*l**2 + 3*l - 4. Let n be u(4). Let d = -77 - n. Calculate the greatest common divisor of 81 and d.
27
Let g = -14427 - -14852. What is the highest common divisor of g and 550?
25
Suppose 10*m - 694 = 3*w, -7*m + 12*m = 2*w + 346. Let r be ((-70)/6)/((-12)/108). Calculate the greatest common divisor of m and r.
35
Let s = -37829 - -38021. What is the highest common divisor of 44736 and s?
192
Let x = 690 - 685. Suppose -2*v - 181 = -3*d, x*v - 4*v = -d + 67. Calculate the highest common divisor of 21 and d.
21
Let p(y) = 17*y - 64. Let v be p(5). Suppose -v*m + 13*m = -192. Calculate the greatest common divisor of 336 and m.
24
Let j(x) = x**3 + 3*x**2 + 2*x + 3. Let m be j(-2). Suppose -m*z + 202 = -2*r, 3*z + 3*r - 71 = 2*z. Calculate the greatest common factor of z and 51.
17
Let w(i) = -18*i + 54. Let f be w(3). Suppose f = -3*r + 2*k + 1258, -4*r = 25*k - 27*k - 1676. What is the highest common factor of 38 and r?
38
Let c be 5 - 9/5*(-60)/(-18). Let o(q) = -23*q - 5. Let k be o(c). What is the greatest common factor of 18 and k?
18
Suppose 0 = -2*k + 4*j + 707 + 1641, -4*k = -2*j - 4738. What is the greatest common factor of 12 and k?
12
Let w be -12 + 798/70 - 999/(-15). What is the greatest common factor of 352 and w?
22
Suppose -8 = 4*i, 2617 = -3*r + i + 9315. What is the highest common factor of r and 2418?
186
Let k(u) = -7*u - 6. Let i be k(-2). Suppose -i*w = -7*w - 18. Suppose -l + 5 - w = 5*r, 22 = 2*l - 2*r. What is the highest common factor of l and 1?
1
Let j(n) = n**2 + 6*n + 24. Let k be j(-6). Suppose 0 = -1276*a + 1268*a + 64. What is the greatest common factor of a and k?
8
Suppose 0 = 11*i - 8*i - 12. Let t be ((-5)/(-2))/(i/8). Let n = 37 - t. What is the highest common divisor of n and 80?
16
Let t be 1/(8/40)*(-6)/(-10). Let s be 6/(t/5 - 360/700). What is the highest common divisor of 182 and s?
14
Let b be (-7294)/(-56)*4/1. Let t = -480 + b. What is the highest common divisor of 574 and t?
41
Let p = 6948 + -6003. Calculate the greatest common divisor of p and 385.
35
Let d(h) = 39*h**2 + 31*h + 24. Let k be d(-9). Calculate the greatest common divisor of k and 99.
33
Let d = -55 - -58. Suppose -5*z - 4*i + 75 = 0, 0 = d*i - 6*i + 15. Suppose -4*u = -20, 20 + 20 = 5*y - 3*u. What is the highest common divisor of y and z?
11
Let n(f) = f**3 - 6*f**2 - 11*f - 30. Let c be n(10). Suppose -22*h = -27*h + c. What is the highest common divisor of h and 182?
26
Suppose -5*l - g + 400 = 0, -2*g + 15 - 25 = 0. Let j be ((-486)/(-24))/(6*(-2)/(-128)). Calculate the greatest common factor of j and l.
27
Suppose -23*m = k - 26*m - 90, -5*m - 290 = -3*k. What is the greatest common factor of 560 and k?
35
Let n be 216/99 + 2/(-11). Suppose -3*m = -6*m - 5*l + 14, 3*l - 9 = -n*m. Let v = -250 + 252. Calculate the greatest common factor of m and v.
1
Suppose 3*i - 2*i + 3*b + 833 = 0, 0 = -2*i - 3*b - 1654. Let v = -651 - i. Calculate the highest common divisor of v and 40.
10
Suppose -2*c + 5*r = -29, 3*r = -r - 12. Suppose c*w - 5*w = -4. Let a be ((-152)/(-48) - w) + (-2)/12. What is the greatest common divisor of a and 2?
1
Let a be ((-6)/12 - 5/(-6))*-3 - -6849. Calculate the greatest common divisor of 64 and a.
64
Let c(z) = 518*z - 366. Let j be c(1). What is the highest common factor of 1000 and j?
8
Suppose 10*k + 4*w + 14 = 12*k, 59 = 5*k - 4*w. Let b be k/10 - 146/(-4). Calculate the greatest common factor of b and 57.
19
Let z(v) = -28*v - 132. Let m(f) = 27*f + 130. Let u(b) = 3*m(b) + 2*z(b). Let i be u(-5). What is the greatest common factor of 4 and i?
1
Suppose 2*q + 2*o = 316, -2*o + 178 = -q + 318. Calculate the greatest common factor of q and 5738.
38
Let y = 6841 + -3873. What is the highest common factor of 392 and y?
56
Let h(o) = o**2 - 13*o + 14. Let b be h(12). Let g be -4 - 18/(-6)*b. Suppose -4*y - s + 3 = 0, y - s - 5 = -3*y. What is the highest common factor of y and g?
1
Let a = -538101 - -538218. Let y = 145 + -87. Let j = 97 - y. Calculate the highest common divisor of j and a.
39
Suppose -1072 = -2*h - h + 2*s, 4*h - 5*s = 1427. Let y = h - 304. What is the greatest common factor of y and 378?
54
Suppose 5*r - 3*x = -0*x + 141, 100 = 4*r + 4*x. Let g = 40658 + -40469. Calculate the highest common factor of g and r.
27
Suppose 58 + 17 = 5*m. Let p be 5 + m + (-2 - 0). Let n be 1030/p + -2 - (-40)/(-180). Calculate the greatest common factor of 11 and n.
11
Let c be (90/(-7))/((-1)/42). Let z(g) = g**2 - 108*g - 13964. Let l be z(-76). What is the greatest common divisor of c and l?
20
Let g be 6/(-36) - (-725)/30. Suppose 0 = -5*t + 9*t + 84. Let w = -13 - t. Calculate the greatest common factor of g and w.
8
Let f = 681 + -683. Suppose 3*l = -l - 8. Let z be ((-11)/f + l)*6. What is the greatest common divisor of 21 and z?
21
Let r = -20 - -20. Suppose r*l + 8*l = 0. Let m(i) = -i**3 + i**2 + 10. Let k be m(l). Calculate the greatest common divisor of k and 10.
10
Suppose 9*w = 21 + 24. Suppose -344 = -w*z + 5*n - 114, -2*n - 176 = -4*z. Calculate the highest common divisor of z and 672.
42
Let k = 61 + -56. Let c(x) = x**3 - 3*x**2 - 6*x - 7. Let b be c(k). What is the greatest common factor of b and 221?
13
Let n(w) = -2*w + 58. Let p be n(0). Suppose p = 3*t - 26. Let f = t + -16. Calculate the highest common divisor of 36 and f.
12
Let o(m) = -3*m**3 - 7*m**2 + 2*m + 5. Let k be o(-3). Suppose -171*v - 5493 = -4*g - 174*v, 4126 = 3*g + v. Calculate the greatest common factor of k and g.
17
Let l = 150 - 120. Suppose -2*z + 4*k - 6 = -42, -l = -3*z - 2*k. Suppose z*v + 164 = 1244. Calculate the greatest common divisor of v and 18.
18
Suppose 0 = -9*n + 301 - 175. Let l be (-18)/(-3) - (15 - n). What is the greatest common factor of 155 and l?
5
Let v(w) = 26*w**2 + 171*w - 193. Let l be v(-11). What is the highest common factor of 134 and l?
134
Let m be 1226/(((-1)/1)/(2/4)). Let c = m + 676. What is the greatest common divisor of c and 126?
63
Let a = 4231 - 4183. What is the highest common factor of a and 2012?
4
Let l be 76/2 - (1 + -3). Let i(g) = -11 + 85*g**2 + 0 - 7*g - 87*g**2 - 2*g**3 + 5. Let s be i(-2). Calculate the highest common divisor of s and l.
8
Let q(b) = 35*b**2 + 11*b - b - 7 - 36*b**2. Let g be q(9). Let k be (g/3)/((-14)/(-21)) + 62. What is the highest common divisor of k and 7?
7
Suppose -25*u - 40105 + 335008 = -70547. What is the highest common divisor of 2 and u?
2
Let s(q) = 74*q + 3483. Let j be s(-22). What is the greatest common divisor of j and 35?
35
Suppose 134*x - 133*x + 286 = 0. Let k = 366 + x. What is the highest common divisor of k and 100?
20
Let q(u) = -10*u - 339. Let d be q(-35). What is the highest common factor of 4631 and d?
11
Let h(q) = q**3 - 5*q**2 - 2*q - 3. Let d be h(6). Suppose -202*g - 81*g + 67 = -3329. Calculate the greatest common divisor of g and d.
3
Let q(k) = -677*k - 320. Let f be q(-5). What is the highest common divisor of f and 5?
5
Suppose -50347 = 259*x - 162220 - 114234. What is the greatest common factor of x and 388?
97
Let t = 591 - -3. What is the greatest common divisor of 429 and t?
33
Let a(g) = -7*g + 152. Let u be a(31). Let s be (-5860)/u - (-8)/(-52). Let o be ((-15)/(-2))/((-3)/(-4)). Calculate the greatest common divisor of o and s.
10
Suppose 17*m + 5 = 56. Let t(d) = 55*d - 53. Let h be t(m). Calculate the highest common factor of 48 and h.
16
Suppose 4*o + 289 = 1465. What is the highest common divisor of 24 and o?
6
Let u(h) = 405*h**3 - 2*h. Let x be u(-1). Let q = x - -718. What is the highest common divisor of 135 and q?
45
Let o be (45/(-25) - -2) + (-836)/(-20). Let z(h) = -6*h - 153. Let j be z(-29). What is the highest common divisor of j and o?
21
Let j(s) = 9*s - 2*s**2 + s**3 - 1 + 5*s**2 - 11*s. Let g be j(2). Let c be (-327)/(-2) + (-48)/(-32). Calculate the highest common factor of g and c.
15
Let c(y) be the second derivative of -y**4/4 + 43*y**3/6 + 5*y**2 - 197*y. Let g be c(14). Calculate the greatest common factor of g and 408.
24
Let c be (-34)/(-7 - (-8 - (-2 - 1))). Let x(z) = -z**3 + 16*z**2 + 9*z + 9. Let g be x(14). What is the highest common divisor of g and c?
17
Let n be 19 - 0/(-2) - -1*1. Suppose 0 = 51*v - 47*v - 612. Let a = v + -53. What is the highest comm